
72
In base 15, what is 14e + 0?
14e
In base 14, what is -108 - 3?
-10b
In base 15, what is 2 + 1e0?
1e2
In base 8, what is -14 + -2?
-16
In base 11, what is -11 + 5?
-7
In base 3, what is 12011 - -21?
12102
In base 3, what is -12201 - 121?
-20022
In base 10, what is 8 - -20?
28
In base 16, what is 126 - 3?
123
In base 16, what is 1f + -9?
16
In base 2, what is -1000110010 + -11?
-1000110101
In base 8, what is -1 - -165?
164
In base 12, what is -5 + 1195?
1190
In base 11, what is -7 - 6a?
-76
In base 14, what is -2 - -aa6?
aa4
In base 16, what is 18 + -1?
17
In base 8, what is 324 + -5?
317
In base 5, what is 101 + -1104?
-1003
In base 13, what is a + 9c?
a9
In base 12, what is 5 + 498?
4a1
In base 8, what is 24 - -64?
110
In base 9, what is -62 - -18?
-43
In base 12, what is 3 + -a3?
-a0
In base 12, what is -1 - 4b5?
-4b6
In base 5, what is 104 - -1043?
1202
In base 12, what is -40 + 11?
-2b
In base 6, what is 1 - 13435?
-13434
In base 2, what is 110000010 + 10?
110000100
In base 14, what is 4 - -41?
45
In base 8, what is 156 - 0?
156
In base 6, what is -2 - -20122?
20120
In base 5, what is -4 - -1110?
1101
In base 4, what is 201 - -11?
212
In base 5, what is -10 + -444?
-1004
In base 10, what is 5 + -2252?
-2247
In base 7, what is -54 - 566?
-653
In base 6, what is 221 + 22?
243
In base 2, what is -100 - -1010100110?
1010100010
In base 5, what is -13 + 343?
330
In base 12, what is 3 - 67?
-64
In base 16, what is 5 + 1d8?
1dd
In base 2, what is 1111 + -10100?
-101
In base 4, what is -10031 - -11?
-10020
In base 2, what is 10110011001 + 1001?
10110100010
In base 15, what is -2 + bcd?
bcb
In base 7, what is -201 + -3?
-204
In base 13, what is -111 + -21?
-132
In base 8, what is -4 + 421?
415
In base 4, what is -22 - 1031?
-1113
In base 3, what is -12200 - 10212?
-100112
In base 12, what is -2 + -76?
-78
In base 11, what is -99a - -2?
-998
In base 13, what is 9 + -55?
-49
In base 14, what is -23b2 + -2?
-23b4
In base 12, what is 70 - -1?
71
In base 6, what is 0 + 454?
454
In base 15, what is -639 + 3?
-636
In base 4, what is 2 + 1332?
2000
In base 14, what is -2 - 20a?
-20c
In base 13, what is -125 + 32?
-c3
In base 5, what is 2 - 34414?
-34412
In base 16, what is -19 + 1?
-18
In base 2, what is -100111 + -1?
-101000
In base 4, what is -230 - -223?
-1
In base 8, what is -4514 + 4?
-4510
In base 16, what is 5 + -80?
-7b
In base 15, what is -73 + 3d?
-35
In base 3, what is -10100 - 201?
-11001
In base 10, what is -1272 - -4?
-1268
In base 2, what is -1001011 - 1000010?
-10001101
In base 12, what is 2 + b1?
b3
In base 8, what is -6223 + -5?
-6230
In base 3, what is 2002 - 2010?
-1
In base 10, what is 278 - 2?
276
In base 13, what is 7 - 3?
4
In base 14, what is 12 - -2?
14
In base 16, what is -813 - 5?
-818
In base 5, what is 433 - 2?
431
In base 2, what is -1 + 1110101?
1110100
In base 6, what is -3531 - -4?
-3523
In base 16, what is -1 + f21?
f20
In base 13, what is 146 + -2?
144
In base 12, what is 56 + -2?
54
In base 4, what is -21103 - 2?
-21111
In base 12, what is 0 - 14b5?
-14b5
In base 6, what is 4 - 233?
-225
In base 4, what is -3 - -1320?
1311
In base 13, what is -6 - 47?
-50
In base 6, what is -5 - -150?
141
In base 13, what is -5 + -a0?
-a5
In base 4, what is 21 + -2103?
-2022
In base 15, what is -66d - -4?
-669
In base 16, what is -103 - 1?
-104
In base 15, what is 4 + -28?
-24
In base 11, what is 13 - -19?
31
In base 5, what is 10 - -13?
23
In base 6, what is -101 + -455?
-1000
In base 6, what is 3 - 3230?
-3223
In base 3, what is -101100 - -11012?
-20011
In base 12, what is -301 + -5?
-306
In base 7, what is 44 - -124?
201
In base 8, what is 12 - -45?
57
In base 16, what is 934 + 1?
935
In base 9, what is -1567 + -1?
-1568
In base 14, what is -25 + -2?
-27
In base 5, what is 4 + 3230?
3234
In base 15, what is -37 + -2d9?
-321
In base 6, what is -5 + -102?
-111
In base 11, what is -1584 - -5?
-157a
In base 4, what is -203110 + -2?
-203112
In base 13, what is -10 + 8?
-5
In base 7, what is 2 - 4?
-2
In base 12, what is -6 + -67a?
-684
In base 16, what is -2 - 71?
-73
In base 12, what is -2 + -276?
-278
In base 4, what is -10200 - -3?
-10131
In base 2, what is 10110011 - -11?
10110110
In base 2, what is -101110101 + 1101?
-101101000
In base 8, what is 526 + -3?
523
In base 7, what is 2 + 452?
454
In base 6, what is -2 + 3533?
3531
In base 10, what is -3 - 92?
-95
In base 6, what is 1 + 205?
210
In base 4, what is -12120 - 2?
-12122
In base 13, what is -31a + 1?
-319
In base 3, what is 20 + -22021?
-22001
In base 4, what is 10 + -1102?
-1032
In base 16, what is -2 - -17?
15
In base 15, what is 29 - -2d?
57
In base 4, what is -112 - -2030?
1312
In base 6, what is 5 - 1310?
-1301
In base 15, what is 8 - 3c?
-34
In base 8, what is 2 - 3774?
-3772
In base 8, what is 27 + -4?
23
In base 7, what is -12104 - 2?
-12106
In base 12, what is -356 + -3?
-359
In base 16, what is -cb - -2?
-c9
In base 14, what is -13 + -23?
-36
In base 8, what is 0 + 57?
57
In base 13, what is -2 + 115?
113
In base 16, what is -2 + df?
dd
In base 7, what is -2 - 10412?
-10414
In base 7, what is -2 + -110?
-112
In base 16, what is b + 6?
11
In base 5, what is -4 - -232?
223
In base 2, what is -10 - 101001011?
-101001101
In base 16, what is a + -4?
6
In base 12, what is -37 - 283?
-2ba
In base 11, what is 3 + -441?
-439
In base 8, what is -6 + -131?
-137
In base 8, what is -525 + 104?
-421
In base 15, what is -60 - -3?
-5c
In base 7, what is 46 - -101?
150
In base 14, what is -7 + 61?
58
In base 11, what is 61 - 4?
58
In base 12, what is b - 177?
-168
In base 11, what is -2a78 + 3?
-2a75
In base 3, what is -121 - 1?
-122
In base 2, what is 10011 + 0?
10011
In base 5, what is 21102 + -3?
21044
In base 8, what is -1714 + 3?
-1711
In base 13, what is 12 + 5?
17
In base 12, what is -57 + 5?
-52
In base 10, what is -8 + -180?
-188
In base 8, what is -167 + 0?
-167
In base 8, what is 3 + 732?
735
In base 6, what is -4 + -1004?
-1012
In base 9, what is 4 + 101?
105
In base 16, what is 4 + 5d?
61
In base 10, what is 8 + 365?
373
In base 4, what is -32213 + 1?
-32212
In base 6, what is -111521 - -4?
-111513
In base 11, what is 2 + 749?
750
In base 7, what is -211 + -2?
-213
In base 2, what is -11110011001 - 111?
-11110100000
In base 5, what is 1002004 - 3?
1002001
In base 6, what is 2240 - 1?
2235
In base 3, what is 12 - -10011?
10100
In base 8, what is 1 + -742?
-741
In base 11, what is 9 + -37?
-29
In base 8, what is -4 - 164?
-170
In base 8, what is 4 - -222?
226
In base 6, what is 20114 + -10?
20104
In base 3, what is 100121 - 210?
22211
In base 4, what is 1320 + -3?
1311
In base 14, what is 75d1 + 4?
75d5
In base 7, what is 2 - -1341?
1343
In base 3, what is 102 + -202112?
-202010
In base 2, what is 100110001110 + 101?
100110010011
In base 14, what is -2 + 6a3?
6a1
In base 16, what is -30d - -1?
-30c
In base 4, what is 303113 - -1?
303120
In base 8, what is 7541 - -2?
7543
In base 10, what is -3 - -9272?
9269
In base 9, what is 1265 + -1?
1264
In base 13, what is 1 - b1?
-b0
In base 14, what is 14a2 + -5?
149b
In base 14, what is 57 + 2?
59
In base 2, what is -1000 + -10001?
-11001
In base 6, what is -120 + -135?
-255
In base 13, what is -35 + -5?
-3a
In base 16, what is 34 + 59?
8d
In base 13, what is 10 + 1091?
10a1
In base 2, what is -10000000 + -10?
-10000010
In base 10, what is -10 - -419?
409
In base 3, what is -1112 - 0?
-1112
In base 10, what is 2 - -123?
125
In base 3, what is 1011110 - -12?
1011122
In base 8, what is -10 - 21?
-31
In base 9, what is 241 + 3?
244
In base 3, what is -110 - 12?
-122
In base 3, what is 1110 - 200?
210
In base 13, what is 31 - 6?
28
In base 9, what is -5 - 41?
-46
In base 3, what is 0 - 1202100?
-1202100
In base 6, what is -3302 + -4?
-3310
In base 13, what is 0 + 1?
1
In base 9, what is -30 - 8?
-38
In base 5, what is 22 - -43?
120
In base 16, what is 28 + -50?
-28
In base 16, what is -d - -16?
9
In base 9, what is 2 - 1388?
-1386
In base 16, what is -9 + -36?
-3f
In base 9, what is 16 - 17?
-1
In base 8, what is 120 + -5?
113
In base 15, what is 4 + 102?
106
In base 4, what is -13 + -211?
-230
In base 6, what is 5 - -12?
21
In base 3, what is 1000012010 - -10?
1000012020
In base 2, what is 11000 - -1110010?
10001010
In base 8, w